digit of 92996?
2
What is the hundreds digit of 387?
3
What is the hundreds digit of 765?
7
What is the thousands digit of 5024?
5
What is the hundreds digit of 306?
3
What is the hundreds digit of 36508?
5
What is the units digit of 34928?
8
What is the units digit of 177?
7
What is the thousands digit of 7137?
7
What is the thousands digit of 11465?
1
What is the units digit of 123?
3
What is the units digit of 1197?
7
What is the units digit of 35452?
2
What is the tens digit of 8076?
7
What is the hundreds digit of 86213?
2
What is the tens digit of 24248?
4
What is the units digit of 4417?
7
What is the ten thousands digit of 16700?
1
What is the tens digit of 308?
0
What is the thousands digit of 1339?
1
What is the units digit of 2052?
2
What is the thousands digit of 54268?
4
What is the tens digit of 51442?
4
What is the units digit of 1160?
0
What is the units digit of 57493?
3
What is the thousands digit of 5158?
5
What is the thousands digit of 1720?
1
What is the tens digit of 5059?
5
What is the thousands digit of 72677?
2
What is the thousands digit of 2735?
2
What is the ten thousands digit of 39691?
3
What is the ten thousands digit of 26328?
2
What is the tens digit of 4675?
7
What is the hundreds digit of 2463?
4
What is the hundreds digit of 49179?
1
What is the tens digit of 11302?
0
What is the thousands digit of 40027?
0
What is the tens digit of 8371?
7
What is the thousands digit of 8093?
8
What is the hundreds digit of 60195?
1
What is the hundreds digit of 12436?
4
What is the units digit of 748?
8
What is the hundreds digit of 819?
8
What is the tens digit of 7653?
5
What is the thousands digit of 5846?
5
What is the ten thousands digit of 20245?
2
What is the thousands digit of 2243?
2
What is the units digit of 19179?
9
What is the units digit of 2710?
0
What is the units digit of 5188?
8
What is the tens digit of 5009?
0
What is the units digit of 1391?
1
What is the units digit of 4621?
1
What is the units digit of 8862?
2
What is the units digit of 90554?
4
What is the tens digit of 1522?
2
What is the thousands digit of 53125?
3
What is the thousands digit of 1188?
1
What is the hundreds digit of 42571?
5
What is the tens digit of 46219?
1
What is the units digit of 27553?
3
What is the units digit of 3817?
7
What is the hundreds digit of 18848?
8
What is the hundreds digit of 76148?
1
What is the tens digit of 259?
5
What is the hundreds digit of 5580?
5
What is the tens digit of 1344?
4
What is the hundreds digit of 1983?
9
What is the units digit of 713?
3
What is the units digit of 803?
3
What is the units digit of 8449?
9
What is the hundreds digit of 13439?
4
What is the hundreds digit of 22926?
9
What is the hundreds digit of 102473?
4
What is the hundreds digit of 346?
3
What is the units digit of 521?
1
What is the tens digit of 939?
3
What is the thousands digit of 60416?
0
What is the thousands digit of 6806?
6
What is the hundreds digit of 13306?
3
What is the hundred thousands digit of 125200?
1
What is the tens digit of 7012?
1
What is the units digit of 48018?
8
What is the ten thousands digit of 12711?
1
What is the units digit of 67919?
9
What is the ten thousands digit of 126680?
2
What is the hundreds digit of 5615?
6
What is the hundreds digit of 754?
7
What is the tens digit of 14553?
5
What is the thousands digit of 9843?
9
What is the hundreds digit of 40396?
3
What is the units digit of 19339?
9
What is the units digit of 7939?
9
What is the hundreds digit of 18808?
8
What is the thousands digit of 8953?
8
What is the thousands digit of 7065?
7
What is the units digit of 861?
1
What is the tens digit of 1607?
0
What is the ten thousands digit of 30710?
3
What is the thousands digit of 34272?
4
What is the thousands digit of 42478?
2
What is the thousands digit of 29122?
9
What is the tens digit of 1757?
5
What is the thousands digit of 7821?
7
What is the tens digit of 5328?
2
What is the tens digit of 38656?
5
What is the tens digit of 80774?
7
What is the hundreds digit of 46575?
5
What is the hundreds digit of 10258?
2
What is the hundreds digit of 74374?
3
What is the ten thousands digit of 16102?
1
What is the units digit of 3240?
0
What is the thousands digit of 5804?
5
What is the units digit of 1763?
3
What is the units digit of 12945?
5
What is the hundreds digit of 1958?
9
What is the thousands digit of 1669?
1
What is the units digit of 993?
3
What is the hundreds digit of 5958?
9
What is the units digit of 8350?
0
What is the tens digit of 1446?
4
What is the thousands digit of 97307?
7
What is the units digit of 60663?
3
What is the thousands digit of 1955?
1
What is the hundreds digit of 3300?
3
What is the units digit of 7563?
3
What is the tens digit of 22?
2
What is the ten thousands digit of 21658?
2
What is the units digit of 1474?
4
What is the hundreds digit of 93498?
4
What is the hundreds digit of 7320?
3
What is the units digit of 40009?
9
What is the hundreds digit of 25421?
4
What is the hundreds digit of 506?
5
What is the hundreds digit of 458?
4
What is the thousands digit of 18392?
8
What is the hundreds digit of 27418?
4
What is the thousands digit of 138092?
8
What is the tens digit of 15643?
4
What is the tens digit of 4587?
8
What is the tens digit of 640?
4
What is the tens digit of 146220?
2
What is the thousands digit of 89759?
9
What is the units digit of 99574?
4
What is the tens digit of 1531?
3
What is the units digit of 1566?
6
What is the tens digit of 605?
0
What is the tens digit of 3403?
0
What is the hundreds digit of 5937?
9
What is the hundreds digit of 146?
1
What is the thousands digit of 1570?
1
What is the ten thousands digit of 89928?
8
What is the tens digit of 4726?
2
What is the units digit of 3444?
4
What is the hundreds digit of 569?
5
What is the hundreds digit of 36071?
0
What is the thousands digit of 1002?
1
What is the hundreds digit of 996?
9
What is the hundreds digit of 5548?
5
What is the tens digit of 30718?
1
What is the units digit of 133730?
0
What is the tens digit of 61300?
0
What is the hundreds digit of 3548?
5
What is the thousands digit of 58545?
8
What is the tens digit of 56208?
0
What is the ten thousands digit of 27936?
2
What is the thousands digit of 31067?
1
What is the hundred thousands digit of 114674?
1
What is the tens digit of 4397?
9
What is the units digit of 396?
6
What is the tens digit of 859?
5
What is the hundreds digit of 188?
1
What is the ten thousands digit of 106229?
0
What is the thousands digit of 1109?
1
What is the hundreds digit of 1030?
0
What is the tens digit of 194?
9
What is the tens digit of 784?
8
What is the hundreds digit of 30777?
7
What is the units digit of 6?
6
What is the hundreds digit of 1593?
5
What is the tens digit of 4698?
9
What is the hundreds digit of 28912?
9
What is the tens digit of 62653?
5
What is the hundreds digit of 2416?
4
What is the hundreds digit of 4047?
0
What is the units digit of 1076?
6
What is the units digit of 6347?
7
What is the units digit of 1810?
0
What is the units digit of 411?
1
What is the hundreds digit of 1308?
3
What is the tens digit of 12325?
2
What is the thousands digit of 3794?
3
What is the hundreds digit of 43404?
4
What is the thousands digit of 2166?
2
What is the thousands digit of 45772?
5
What is the units digit of 2332?
2
What is the units digit of 6749?
9
What is the units digit of 50565?
5
What is the hundreds digit of 6450?
4
What is the thousands digit of 55419?
5
What is the units digit of 1956?
6
What is the hundreds digit of 78447?
4
What is the ten thousands digit of 110054?
1
What is the thousands digit of 21351?
1
What is the hundred thousands digit of 107914?
1
What is the thousands digit of 38146?
8
What is the thousands digit of 13008?
3
What is the hundreds digit of 19346?
3
What is the units digit of 68586?
6
What is the units digit of 20106?
6
What is the thousands digit of 11755?
1
What is the ten thousands digit of 46140?
4
What is the thousands digit of 6098?
6
What is the tens digit of 6235?
3
What is the tens digit of 4481?
8
What is the hundreds digit of 42335?
3
What is the hundreds digit of 2184?
1
What is the hundreds digit of 8117?
1
What is the tens digit of 365?
6
What is the thousan